{"id":21,"date":"2011-04-22T19:19:00","date_gmt":"2011-04-22T17:19:00","guid":{"rendered":"http:\/\/www.tech-si.com\/v2\/?page_id=21"},"modified":"2026-04-06T09:52:14","modified_gmt":"2026-04-06T07:52:14","slug":"communication-publicitaire","status":"publish","type":"page","link":"https:\/\/www.tech-si.com\/v2\/communication-publicitaire\/","title":{"rendered":"Communication"},"content":{"rendered":"<h1 style=\"text-align: center;\"><span style=\"color: #ff0000;\">Communication publicitaire<\/span><img loading=\"lazy\" decoding=\"async\" class=\"aligncenter wp-image-701\" src=\"https:\/\/www.tech-si.com\/v2\/wp-content\/uploads\/2018\/06\/Oeil.jpg\" alt=\"\" width=\"400\" height=\"267\" srcset=\"https:\/\/www.tech-si.com\/v2\/wp-content\/uploads\/2018\/06\/Oeil.jpg 600w, https:\/\/www.tech-si.com\/v2\/wp-content\/uploads\/2018\/06\/Oeil-300x200.jpg 300w\" sizes=\"auto, (max-width: 400px) 100vw, 400px\" \/><\/h1>\n<p>\u00a0<\/p>\n<div align=\"center\">\u00a0<\/div>\n<div align=\"center\"><strong><span class=\"grasrouge\">TECH-Si<\/span><\/strong> s\u2019occupe de tout !<\/div>\n<div style=\"text-align: center;\">\u00a0<\/div>\n<div style=\"text-align: center;\">L\u2019<span class=\"grasrouge\">identit\u00e9 visuelle<\/span> est l\u2019image de votre soci\u00e9t\u00e9 que vos clients retiendront <span class=\"grasnoir\">si elle sait se d\u00e9marquer<\/span> !<\/div>\n<div style=\"text-align: center;\">Nous vous orientons dans la cr\u00e9ation ou l\u2019int\u00e9gration de cette derni\u00e8re, et respectons vos choix et vos id\u00e9es.<\/div>\n<h3><img loading=\"lazy\" decoding=\"async\" id=\"hr\" class=\"aligncenter\" src=\"https:\/\/www.tech-si.com\/v2\/Images\/comment-top.png\" alt=\"bar\" width=\"690\" height=\"20\" name=\"commenttop\" border=\"0\"\/><\/h3>\n<h4 style=\"text-align: center;\"><strong>#BONNEIMPRESSION<\/strong><\/h4>\n<p style=\"text-align: center;\">Cr\u00e9ation de logo, cartes de visite, tampon, flyers, calendriers, mais aussi vos marquages v\u00e9hicules, flocages, adh\u00e9sifs de vitrine, \u2026 nous personnalisons nos services \u00e0 vos besoins.<\/p>\n<p style=\"text-align: center;\">Demandez votre devis sur la page <a href=\"https:\/\/www.tech-si.com\/v2\/publicite\/\">Tarifs Publicit\u00e9<\/a> !<\/p>\n<p><img loading=\"lazy\" decoding=\"async\" class=\"size-full wp-image-1651 aligncenter\" src=\"https:\/\/www.tech-si.com\/v2\/wp-content\/uploads\/2020\/12\/grande-imprimante-jet-encre-fonctionnant-plusieurs-couleurs-banniere-vinyle_49071-999.jpg\" alt=\"\" width=\"626\" height=\"417\" srcset=\"https:\/\/www.tech-si.com\/v2\/wp-content\/uploads\/2020\/12\/grande-imprimante-jet-encre-fonctionnant-plusieurs-couleurs-banniere-vinyle_49071-999.jpg 626w, https:\/\/www.tech-si.com\/v2\/wp-content\/uploads\/2020\/12\/grande-imprimante-jet-encre-fonctionnant-plusieurs-couleurs-banniere-vinyle_49071-999-300x200.jpg 300w, https:\/\/www.tech-si.com\/v2\/wp-content\/uploads\/2020\/12\/grande-imprimante-jet-encre-fonctionnant-plusieurs-couleurs-banniere-vinyle_49071-999-360x240.jpg 360w\" sizes=\"auto, (max-width: 626px) 100vw, 626px\" \/><\/p>\n<h2 style=\"text-align: center;\"><img loading=\"lazy\" decoding=\"async\" id=\"hr\" class=\"aligncenter\" style=\"color: inherit; font-size: 1.56em;\" src=\"https:\/\/www.tech-si.com\/v2\/Images\/comment-top.png\" alt=\"bar\" width=\"690\" height=\"20\" name=\"commenttop\" border=\"0\"\/><a id=\"calendriers\" name=\"calendriers\"><\/a><\/h2>\n<p style=\"text-align: center;\"><img loading=\"lazy\" decoding=\"async\" class=\"aligncenter wp-image-764\" src=\"https:\/\/www.tech-si.com\/v2\/wp-content\/uploads\/2018\/06\/France.png\" alt=\"\" width=\"80\" height=\"53\" srcset=\"https:\/\/www.tech-si.com\/v2\/wp-content\/uploads\/2018\/06\/France.png 900w, https:\/\/www.tech-si.com\/v2\/wp-content\/uploads\/2018\/06\/France-600x400.png 600w, https:\/\/www.tech-si.com\/v2\/wp-content\/uploads\/2018\/06\/France-300x200.png 300w, https:\/\/www.tech-si.com\/v2\/wp-content\/uploads\/2018\/06\/France-768x512.png 768w\" sizes=\"auto, (max-width: 80px) 100vw, 80px\" \/><\/p>\n<p style=\"text-align: center;\"><span style=\"display: inline !important; float: none; background-color: transparent; color: #333333; cursor: text; font-family: Georgia,'Times New Roman','Bitstream Charter',Times,serif; font-size: 16px; font-style: normal; font-variant: normal; font-weight: 400; letter-spacing: normal; orphans: 2; text-align: left; text-decoration: none; text-indent: 0px; text-transform: none; -webkit-text-stroke-width: 0px; white-space: normal; word-spacing: 0px;\">Nos fournisseurs sont bas\u00e9s <\/span><strong>exclusivement<\/strong><span style=\"display: inline !important; float: none; background-color: transparent; color: #333333; cursor: text; font-family: Georgia,'Times New Roman','Bitstream Charter',Times,serif; font-size: 16px; font-style: normal; font-variant: normal; font-weight: 400; letter-spacing: normal; orphans: 2; text-align: left; text-decoration: none; text-indent: 0px; text-transform: none; -webkit-text-stroke-width: 0px; white-space: normal; word-spacing: 0px;\"> en France\u00a0<\/span><\/p>\n","protected":false},"excerpt":{"rendered":"<p>Communication publicitaire \u00a0 \u00a0 TECH-Si s\u2019occupe de tout ! \u00a0 L\u2019identit\u00e9 visuelle est l\u2019image de votre soci\u00e9t\u00e9 que vos clients retiendront si elle sait se d\u00e9marquer ! Nous vous orientons dans la cr\u00e9ation ou l\u2019int\u00e9gration de cette derni\u00e8re, et respectons&hellip;&nbsp;<a href=\"https:\/\/www.tech-si.com\/v2\/communication-publicitaire\/\" class=\"more-link\">Lire la suite<\/a><\/p>\n","protected":false},"author":1,"featured_media":0,"parent":0,"menu_order":3,"comment_status":"closed","ping_status":"closed","template":"","meta":{"footnotes":""},"class_list":["post-21","page","type-page","status-publish","hentry"],"_links":{"self":[{"href":"https:\/\/www.tech-si.com\/v2\/wp-json\/wp\/v2\/pages\/21","targetHints":{"allow":["GET"]}}],"collection":[{"href":"https:\/\/www.tech-si.com\/v2\/wp-json\/wp\/v2\/pages"}],"about":[{"href":"https:\/\/www.tech-si.com\/v2\/wp-json\/wp\/v2\/types\/page"}],"author":[{"embeddable":true,"href":"https:\/\/www.tech-si.com\/v2\/wp-json\/wp\/v2\/users\/1"}],"replies":[{"embeddable":true,"href":"https:\/\/www.tech-si.com\/v2\/wp-json\/wp\/v2\/comments?post=21"}],"version-history":[{"count":5,"href":"https:\/\/www.tech-si.com\/v2\/wp-json\/wp\/v2\/pages\/21\/revisions"}],"predecessor-version":[{"id":1678,"href":"https:\/\/www.tech-si.com\/v2\/wp-json\/wp\/v2\/pages\/21\/revisions\/1678"}],"wp:attachment":[{"href":"https:\/\/www.tech-si.com\/v2\/wp-json\/wp\/v2\/media?parent=21"}],"curies":[{"name":"wp","href":"https:\/\/api.w.org\/{rel}","templated":true}]}}